.
4406bb
44669 (base 10) to base 4
22321331
-33102443 (base 5) to base 8
-1054114
What is -1040242344 (base 6) in base 14?
-16c066c
What is -200005 (base 8) in base 13?
-23aa8
What is -25878 (base 13) in base 3?
-10112102020
What is 11418444 (base 9) in base 16?
54e3e3
Convert 232234332 (base 5) to base 13.
2ac615
247648 (base 14) to base 16
1311e0
What is -68248 (base 10) in base 12?
-335b4
-267530 (base 9) to base 10
-162999
Convert -253253 (base 6) to base 12.
-11229
-11110110100110010 (base 2) to base 4
-132310302
709cc8 (base 14) to base 6
213135304
Convert -5a93c (base 14) to base 3.
-102020121201
Convert -21221210202021 (base 3) to base 7.
-50636404
Convert 1231013322 (base 4) to base 5.
103300340
1100111110010011100 (base 2) to base 10
425116
Convert 20454251 (base 7) to base 5.
420242300
174285 (base 9) to base 10
108131
101010001010001110010101 (base 2) to base 13
239c601
17ba88 (base 12) to base 8
1451510
Convert -55956 (base 10) to base 14.
-1656c
What is -10011100200 (base 4) in base 8?
-4052040
72443 (base 15) to base 12
155660
What is -1047200 (base 8) in base 10?
-282240
-11da8 (base 15) to base 6
-1120135
Convert 213200012 (base 6) to base 12.
1330008
Convert -2cd98 (base 16) to base 13.
-65801
Convert -62200 (base 7) to base 10.
-15190
What is -118683 (base 9) in base 13?
-26a09
-671a0aa (base 11) to base 16
-b3d25a
1211011100 (base 3) to base 13
1340a
-1154543443 (base 6) to base 16
-cc4ad3
112120220220 (base 3) to base 12
11a229
Convert 748226 (base 11) to base 7.
13113220
76352 (base 12) to base 13
56021
1217517 (base 9) to base 3
1020121120121
What is -7d20d3 (base 15) in base 12?
-2005076
What is 13039953 (base 10) in base 5?
11314234303
-15351206 (base 8) to base 2
-1101011101001010000110
Convert 263018 (base 9) to base 8.
467664
What is 252271 (base 8) in base 11?
5a596
-223028 (base 9) to base 8
-404471
Convert -14cac (base 16) to base 5.
-10211124
What is 181551 (base 10) in base 7?
1354206
What is -357cb (base 15) in base 7?
-1310063
Convert 2002120021200 (base 3) to base 16.
10fd2e
3025202 (base 6) to base 12
6b202
What is -1410200 (base 5) in base 9?
-43450
What is -7630404 (base 8) in base 16?
-1f3104
-166458c (base 13) to base 14
-d64ca6
Convert 14366303 (base 7) to base 9.
2504155
Convert 213355 (base 6) to base 12.
a25b
What is 17861a (base 12) in base 15?
81164
Convert -67924 (base 11) to base 13.
-3596b
Convert 604630 (base 7) to base 11.
70039
-4531453 (base 6) to base 3
-102200012120
-101111011010110001011 (base 2) to base 5
-344210203
Convert -513304101 (base 6) to base 7.
-135105022
What is -101011000101000110001000 (base 2) in base 14?
-16dd796
What is 11010001011011001000 (base 2) in base 14?
184876
31433710 (base 8) to base 10
6698952
What is -1213310 (base 4) in base 6?
-50432
Convert 23c011 (base 13) to base 4.
3100221313
Convert 11011012211121 (base 3) to base 6.
115201411
What is 1003066 (base 12) in base 16?
2da48e
Convert -201021012022 (base 3) to base 5.
-44113343
What is -100003220 (base 4) in base 15?
-14748
Convert -61771 (base 16) to base 14.
-a56b7
Convert -275752 (base 9) to base 8.
-510534
Convert -1b554 (base 13) to base 9.
-81522
What is 3ad0b4 (base 14) in base 12?
820932
What is -222120100022 (base 3) in base 7?
-4305422
Convert -21265216 (base 7) to base 14.
-35340d
What is 63b98b (base 12) in base 7?
16251422
-10221 (base 4) to base 16
-129
Convert 2842865 (base 9) to base 15.
20d4a8
Convert 2312543 (base 6) to base 10.
118575
Convert -92ab8 (base 13) to base 2.
-1000000010001110100
Convert -13113130 (base 4) to base 13.
-1096c
16a9411 (base 11) to base 5
1220144002
What is -1011101101111000010 (base 2) in base 8?
-1355702
-1100111110110011111 (base 2) to base 14
-b103d
Convert -311120300 (base 4) to base 9.
-362858
13ba0 (base 14) to base 8
137460
1001010011001100111 (base 2) to base 16
4a667
What is 1010000011101 (base 2) in base 16?
141d
What is -1136464 (base 7) in base 3?
-21022110211
What is -1987100 (base 10) in base 8?
-7451034
What is 2610401 (base 8) in base 7?
6110300
-1bb580 (base 12) to base 3
-221020102020
502356 (base 7) to base 5
10204114
Convert -fabec (base 16) to base 14.
-1ca40c
What is -20a40 (base 12) in base 14?
-11928
What is 159194 (base 16) in base 13?
3a6508
What is a9f913 (base 16) in base 7?
163453142
Convert 11001100100000111110010 (base 2) to base 4.
121210013302
Convert -13300231 (base 4) to base 11.
-2197a
15111 (base 6) to base 12
1497
1a9a1 (base 11) to base 7
150663
18c56 (base 13) to base 15
e45b
-127741 (base 15) to base 12
-3687ba
-1b351b (base 15) to base 7
-14166224
What is -3619590 (base 11) in base 8?
-30040731
Convert 102309 (base 10) to base 4.
120332211
Convert 12011211011 (base 3) to base 8.
307051
What is 17522117 (base 8) in base 14?
78c155
What is 32e86 (base 15) in base 10?
161901
Convert 2062114 (base 8) to base 12.
226324
-111001110010110 (base 2) to base 15
-8b7a
Convert 101d8 (base 14) to base 12.
1a556
What is 1e786 (base 16) in base 10?
124806
-7a9a05 (base 13) to base 16
-2c5811
Convert -1100110001001010001 (base 2) to base 16.
-66251
What is -514a60 (base 11) in base 8?
-3116200
What is -b5a1b (base 15) in base 10?
-576026
Convert 133133 (base 13) to base 6.
13535042
What is -5829e (base 16) in base 8?
-1301236
Convert -511645 (base 7) to base 16.
-15442
Convert 95137 (base 13) to base 6.
5425521
Convert -1512373 (base 8) to base 14.
-b32b1
Convert -1693965 (base 11) to base 8.
-12756645
Convert -34112314 (base 5) to base 8.
-1113637
What is -32451352 (base 7) in base 13?
-766c48
Convert -100000011101111110001 (base 2) to base 14.
-1d9a25
10333132132 (base 4) to base 12
53133a
233312343 (base 6) to base 7
52044420
364011 (base 11) to base 14
11006b
-d9382 (base 16) to base 14
-192362
What is ac6a5 (base 14) in base 10?
418409
What is -532221 (base 6) in base 9?
-65334
-102163 (base 7) to base 8
-42263
What is 12618876 (base 9) in base 11?
3564124
What is -100002121022 (base 3) in base 8?
-535545
-311001 (base 4) to base 3
-11122200
Convert 897ca (base 13) to base 5.
30441420
-1a68258 (base 12) to base 7
-65465066
Convert -336704 (base 15) to base 13.
-67acb3
Convert -1000111101000001101 (base 2) to base 13.
-a3705
Convert -101122213 (base 4) to base 10.
-71335
What is 11331234220 (base 5) in base 14?
1a64046
What is 20322410 (base 5) in base 10?
167230
Convert 1323360 (base 7) to base 3.
22211210210
What is 572459 (base 10) in base 13?
170744
Convert -20958a (base 12) to base 11.
-321231
5030148 (base 10) to base 11
2926252
Convert -1000000100000011010 (base 2) to base 4.
-1000200122
What is -2377042 (base 9) in base 11?
-802025
Convert 1000471 (base 9) to base 13.
1580bc
2145520 (base 6) to base 9
173463
What is 1101111001010110011 (base 2) in base 10?
455347
What is 10002020100100 (base 3) in base 7?
16632300
Convert 24fe7e (base 16) to base 10.
2424446
17c5b1 (base 16) to base 9
2834071
Convert 201212021220111 (base 3) to base 16.
a111cc
What is -1122030 (base 7) in base 8?
-421275
-103534 (base 9) to base 11
-42376
1000100111011111010 (base 2) to base 7
2254133
Convert -11fb13 (base 16) to base 7.
-13005350
b7103 (base 12) to base 14
63831
1000000101100100111 (base 2) to base 11
171109
Convert -55325532 (base 6) to base 7.
-20053055
What is 270b17 (base 12) in base 7?
5322526
8e95d (base 16) to base 2
10001110100101011101
20222103300 (base 4) to base 14
4315cc
What is -12443341 (base 5) in base 12?
-602ba
Convert 1302322330 (base 4) to base 10.
470716
Convert 144302 (base 11) to base 2.
110111000000011000
24644 (base 14) to base 16
15bd4
35364322 (base 7) to base 6
150552404
What is 48d77 (base 14) in base 10?
178269
What is 10001010010001110100111 (base 2) in base 7?
53341144
39790 (base 12) to base 3
11000012100
-375756 (base 14) to base 2
-111001111010001010000
-31969 (base 10) to base 5
-2010334
What is -98ff4 (base 16) in base 7?
-5220021
What is 673c5 (base 14) in base 2?
111101001001100001
16452635 (base 8) to base 7
44331534
Convert -2111012022 (base 3) to base 14.
-13bd0
What is -100111000110110010000 (base 2) in base 15?
-1a4a34
Convert -1000010100110100100 (base 2) to base 13.
-9722c
Convert 1200023 (base 4) to base 10.
6155
Convert 19084 (base 15) to base 6.
1423324
What is -110541500 (base 6) in base 9